{"version":"1.0","provider_name":"Gabitel","provider_url":"https:\/\/gabitel.net\/de\/","author_name":"user.autor","author_url":"https:\/\/gabitel.net\/de\/author\/user-autor\/","title":"Entrevista: Manolo Bravo - Gabitel","type":"rich","width":600,"height":338,"html":"<blockquote class=\"wp-embedded-content\" data-secret=\"2LgZL6TP1i\"><a href=\"https:\/\/gabitel.net\/de\/entrevista-manolo-bravo\/\">Entrevista: Manolo Bravo<\/a><\/blockquote><iframe sandbox=\"allow-scripts\" security=\"restricted\" src=\"https:\/\/gabitel.net\/de\/entrevista-manolo-bravo\/embed\/#?secret=2LgZL6TP1i\" width=\"600\" height=\"338\" title=\"&#8222;Entrevista: Manolo Bravo&#8220; &#8211; Gabitel\" data-secret=\"2LgZL6TP1i\" frameborder=\"0\" marginwidth=\"0\" marginheight=\"0\" scrolling=\"no\" class=\"wp-embedded-content\"><\/iframe><script>\n\/*! This file is auto-generated *\/\n!function(d,l){\"use strict\";l.querySelector&&d.addEventListener&&\"undefined\"!=typeof URL&&(d.wp=d.wp||{},d.wp.receiveEmbedMessage||(d.wp.receiveEmbedMessage=function(e){var t=e.data;if((t||t.secret||t.message||t.value)&&!\/[^a-zA-Z0-9]\/.test(t.secret)){for(var s,r,n,a=l.querySelectorAll('iframe[data-secret=\"'+t.secret+'\"]'),o=l.querySelectorAll('blockquote[data-secret=\"'+t.secret+'\"]'),c=new RegExp(\"^https?:$\",\"i\"),i=0;i<o.length;i++)o[i].style.display=\"none\";for(i=0;i<a.length;i++)s=a[i],e.source===s.contentWindow&&(s.removeAttribute(\"style\"),\"height\"===t.message?(1e3<(r=parseInt(t.value,10))?r=1e3:~~r<200&&(r=200),s.height=r):\"link\"===t.message&&(r=new URL(s.getAttribute(\"src\")),n=new URL(t.value),c.test(n.protocol))&&n.host===r.host&&l.activeElement===s&&(d.top.location.href=t.value))}},d.addEventListener(\"message\",d.wp.receiveEmbedMessage,!1),l.addEventListener(\"DOMContentLoaded\",function(){for(var e,t,s=l.querySelectorAll(\"iframe.wp-embedded-content\"),r=0;r<s.length;r++)(t=(e=s[r]).getAttribute(\"data-secret\"))||(t=Math.random().toString(36).substring(2,12),e.src+=\"#?secret=\"+t,e.setAttribute(\"data-secret\",t)),e.contentWindow.postMessage({message:\"ready\",secret:t},\"*\")},!1)))}(window,document);\n\/\/# sourceURL=https:\/\/gabitel.net\/wp-includes\/js\/wp-embed.min.js\n<\/script>\n","thumbnail_url":"https:\/\/gabitel.net\/wp-content\/uploads\/2023\/10\/N6-FOTO-ENTREVISTA.jpg","thumbnail_width":1080,"thumbnail_height":720,"description":"\u00bfC\u00f3mo comenz\u00f3 tu andadura profesional en Gabitel? Mi primer contacto comenz\u00f3 un poco antes de entrar en Gabitel. Trabaj\u00e9 un a\u00f1o en una empresa cliente de Realza que estaba realizando unas obras de ampliaci\u00f3n, y all\u00ed tuve la ocasi\u00f3n de conocer a Juan Reales, a Jos\u00e9 Mazo y en alguna visita a obra, a Jos\u00e9 [&hellip;]"}

¿Cómo comenzó tu andadura profesional en Gabitel? Mi primer contacto comenzó un poco antes de entrar en Gabitel. Trabajé un año en una empresa cliente de Realza que estaba realizando unas obras de ampliación, y allí tuve la ocasión de conocer a Juan Reales, a José Mazo y en alguna visita a obra, a José [&hellip;]
