{"version":"1.0","provider_name":"Gabitel","provider_url":"https:\/\/gabitel.net\/de\/","author_name":"user.autor","author_url":"https:\/\/gabitel.net\/de\/author\/user-autor\/","title":"Nuestro equipo. Entrevista a \u00c1ngel Delgado - Gabitel","type":"rich","width":600,"height":338,"html":"<blockquote class=\"wp-embedded-content\" data-secret=\"OvSa8IJsP8\"><a href=\"https:\/\/gabitel.net\/de\/nuestro-equipo-entrevista-angel-delgado\/\">Nuestro equipo. Entrevista a \u00c1ngel Delgado<\/a><\/blockquote><iframe sandbox=\"allow-scripts\" security=\"restricted\" src=\"https:\/\/gabitel.net\/de\/nuestro-equipo-entrevista-angel-delgado\/embed\/#?secret=OvSa8IJsP8\" width=\"600\" height=\"338\" title=\"&#8222;Nuestro equipo. Entrevista a \u00c1ngel Delgado&#8220; &#8211; Gabitel\" data-secret=\"OvSa8IJsP8\" frameborder=\"0\" marginwidth=\"0\" marginheight=\"0\" scrolling=\"no\" class=\"wp-embedded-content\"><\/iframe><script>\n\/*! This file is auto-generated *\/\n!function(d,l){\"use strict\";l.querySelector&&d.addEventListener&&\"undefined\"!=typeof URL&&(d.wp=d.wp||{},d.wp.receiveEmbedMessage||(d.wp.receiveEmbedMessage=function(e){var t=e.data;if((t||t.secret||t.message||t.value)&&!\/[^a-zA-Z0-9]\/.test(t.secret)){for(var s,r,n,a=l.querySelectorAll('iframe[data-secret=\"'+t.secret+'\"]'),o=l.querySelectorAll('blockquote[data-secret=\"'+t.secret+'\"]'),c=new RegExp(\"^https?:$\",\"i\"),i=0;i<o.length;i++)o[i].style.display=\"none\";for(i=0;i<a.length;i++)s=a[i],e.source===s.contentWindow&&(s.removeAttribute(\"style\"),\"height\"===t.message?(1e3<(r=parseInt(t.value,10))?r=1e3:~~r<200&&(r=200),s.height=r):\"link\"===t.message&&(r=new URL(s.getAttribute(\"src\")),n=new URL(t.value),c.test(n.protocol))&&n.host===r.host&&l.activeElement===s&&(d.top.location.href=t.value))}},d.addEventListener(\"message\",d.wp.receiveEmbedMessage,!1),l.addEventListener(\"DOMContentLoaded\",function(){for(var e,t,s=l.querySelectorAll(\"iframe.wp-embedded-content\"),r=0;r<s.length;r++)(t=(e=s[r]).getAttribute(\"data-secret\"))||(t=Math.random().toString(36).substring(2,12),e.src+=\"#?secret=\"+t,e.setAttribute(\"data-secret\",t)),e.contentWindow.postMessage({message:\"ready\",secret:t},\"*\")},!1)))}(window,document);\n\/\/# sourceURL=https:\/\/gabitel.net\/wp-includes\/js\/wp-embed.min.js\n<\/script>\n","thumbnail_url":"https:\/\/gabitel.net\/wp-content\/uploads\/2021\/11\/IMG_20211006_133540_Bokeh-min-scaled-1-768x1024.jpg","thumbnail_width":600,"thumbnail_height":800,"description":"\u2022 \u00bfC\u00f3mo comenz\u00f3 tu carrera profesional en Gabitel? Pues mi carrera profesional en Gabitel la comenc\u00e9 en mayo de 2017. Reci\u00e9n terminado el m\u00e1ster envi\u00e9 el curriculum ya que era la empresa que m\u00e1s se adaptaba a lo que buscaba profesionalmente y a los pocos meses tuve la suerte de recibir la llamada de Rosa [&hellip;]"}

Nuestro equipo. Entrevista a Ángel Delgado - Gabitel

<blockquote class="wp-embedded-content" data-secret="OvSa8IJsP8"><a href="https://gabitel.net/de/nuestro-equipo-entrevista-angel-delgado/">Nuestro equipo. Entrevista a Ángel Delgado</a></blockquote><iframe sandbox="allow-scripts" security="restricted" src="https://gabitel.net/de/nuestro-equipo-entrevista-angel-delgado/embed/#?secret=OvSa8IJsP8" width="600" height="338" title="&#8222;Nuestro equipo. Entrevista a Ángel Delgado&#8220; &#8211; Gabitel" data-secret="OvSa8IJsP8" frameborder="0" marginwidth="0" marginheight="0" scrolling="no" class="wp-embedded-content"></iframe><script>
/*! This file is auto-generated */
!function(d,l){"use strict";l.querySelector&&d.addEventListener&&"undefined"!=typeof URL&&(d.wp=d.wp||{},d.wp.receiveEmbedMessage||(d.wp.receiveEmbedMessage=function(e){var t=e.data;if((t||t.secret||t.message||t.value)&&!/[^a-zA-Z0-9]/.test(t.secret)){for(var s,r,n,a=l.querySelectorAll('iframe[data-secret="'+t.secret+'"]'),o=l.querySelectorAll('blockquote[data-secret="'+t.secret+'"]'),c=new RegExp("^https?:$","i"),i=0;i<o.length;i++)o[i].style.display="none";for(i=0;i<a.length;i++)s=a[i],e.source===s.contentWindow&&(s.removeAttribute("style"),"height"===t.message?(1e3<(r=parseInt(t.value,10))?r=1e3:~~r<200&&(r=200),s.height=r):"link"===t.message&&(r=new URL(s.getAttribute("src")),n=new URL(t.value),c.test(n.protocol))&&n.host===r.host&&l.activeElement===s&&(d.top.location.href=t.value))}},d.addEventListener("message",d.wp.receiveEmbedMessage,!1),l.addEventListener("DOMContentLoaded",function(){for(var e,t,s=l.querySelectorAll("iframe.wp-embedded-content"),r=0;r<s.length;r++)(t=(e=s[r]).getAttribute("data-secret"))||(t=Math.random().toString(36).substring(2,12),e.src+="#?secret="+t,e.setAttribute("data-secret",t)),e.contentWindow.postMessage({message:"ready",secret:t},"*")},!1)))}(window,document);
//# sourceURL=https://gabitel.net/wp-includes/js/wp-embed.min.js
</script>

• ¿Cómo comenzó tu carrera profesional en Gabitel? Pues mi carrera profesional en Gabitel la comencé en mayo de 2017. Recién terminado el máster envié el curriculum ya que era la empresa que más se adaptaba a lo que buscaba profesionalmente y a los pocos meses tuve la suerte de recibir la llamada de Rosa [&hellip;]
