{"version":"1.0","provider_name":"Gabitel","provider_url":"https:\/\/gabitel.net\/en\/","author_name":"user.autor","author_url":"https:\/\/gabitel.net\/en\/author\/user-autor\/","title":"Entrevista: Marta Flores - Gabitel","type":"rich","width":600,"height":338,"html":"<blockquote class=\"wp-embedded-content\" data-secret=\"vfNvLfhpto\"><a href=\"https:\/\/gabitel.net\/en\/entrevista-marta-flores\/\">Entrevista: Marta Flores<\/a><\/blockquote><iframe sandbox=\"allow-scripts\" security=\"restricted\" src=\"https:\/\/gabitel.net\/en\/entrevista-marta-flores\/embed\/#?secret=vfNvLfhpto\" width=\"600\" height=\"338\" title=\"&#8220;Entrevista: Marta Flores&#8221; &#8212; Gabitel\" data-secret=\"vfNvLfhpto\" frameborder=\"0\" marginwidth=\"0\" marginheight=\"0\" scrolling=\"no\" class=\"wp-embedded-content\"><\/iframe><script>\n\/*! This file is auto-generated *\/\n!function(d,l){\"use strict\";l.querySelector&&d.addEventListener&&\"undefined\"!=typeof URL&&(d.wp=d.wp||{},d.wp.receiveEmbedMessage||(d.wp.receiveEmbedMessage=function(e){var t=e.data;if((t||t.secret||t.message||t.value)&&!\/[^a-zA-Z0-9]\/.test(t.secret)){for(var s,r,n,a=l.querySelectorAll('iframe[data-secret=\"'+t.secret+'\"]'),o=l.querySelectorAll('blockquote[data-secret=\"'+t.secret+'\"]'),c=new RegExp(\"^https?:$\",\"i\"),i=0;i<o.length;i++)o[i].style.display=\"none\";for(i=0;i<a.length;i++)s=a[i],e.source===s.contentWindow&&(s.removeAttribute(\"style\"),\"height\"===t.message?(1e3<(r=parseInt(t.value,10))?r=1e3:~~r<200&&(r=200),s.height=r):\"link\"===t.message&&(r=new URL(s.getAttribute(\"src\")),n=new URL(t.value),c.test(n.protocol))&&n.host===r.host&&l.activeElement===s&&(d.top.location.href=t.value))}},d.addEventListener(\"message\",d.wp.receiveEmbedMessage,!1),l.addEventListener(\"DOMContentLoaded\",function(){for(var e,t,s=l.querySelectorAll(\"iframe.wp-embedded-content\"),r=0;r<s.length;r++)(t=(e=s[r]).getAttribute(\"data-secret\"))||(t=Math.random().toString(36).substring(2,12),e.src+=\"#?secret=\"+t,e.setAttribute(\"data-secret\",t)),e.contentWindow.postMessage({message:\"ready\",secret:t},\"*\")},!1)))}(window,document);\n\/\/# sourceURL=https:\/\/gabitel.net\/wp-includes\/js\/wp-embed.min.js\n<\/script>\n","thumbnail_url":"https:\/\/gabitel.net\/wp-content\/uploads\/2024\/03\/Marta1-min.jpg","thumbnail_width":718,"thumbnail_height":539,"description":"En enero de este a\u00f1o, justo hizo dos a\u00f1os que iniciaste tu andadura profesional con nosotros, \u00bfqu\u00e9 recuerdos tienes de tu primer d\u00eda? Mi primer d\u00eda lo recuerdo con sensaciones varias, una mezcla entre ilusi\u00f3n, dudas, miedo, para que negarlo. Todo y a todos, lo nuevo nos da miedo, pero a la vez personalmente ese [&hellip;]"}

En enero de este año, justo hizo dos años que iniciaste tu andadura profesional con nosotros, ¿qué recuerdos tienes de tu primer día? Mi primer día lo recuerdo con sensaciones varias, una mezcla entre ilusión, dudas, miedo, para que negarlo. Todo y a todos, lo nuevo nos da miedo, pero a la vez personalmente ese [&hellip;]
