{"version":"1.0","provider_name":"Gabitel","provider_url":"https:\/\/gabitel.net\/en\/","author_name":"user.autor","author_url":"https:\/\/gabitel.net\/en\/author\/user-autor\/","title":"Nuestro equipo. Entrevista a Luz Bernal - Gabitel","type":"rich","width":600,"height":338,"html":"<blockquote class=\"wp-embedded-content\" data-secret=\"1uWE5DxlF5\"><a href=\"https:\/\/gabitel.net\/en\/nuestro-equipo-entrevista-a-luz-bernal\/\">Nuestro equipo. Entrevista a Luz Bernal<\/a><\/blockquote><iframe sandbox=\"allow-scripts\" security=\"restricted\" src=\"https:\/\/gabitel.net\/en\/nuestro-equipo-entrevista-a-luz-bernal\/embed\/#?secret=1uWE5DxlF5\" width=\"600\" height=\"338\" title=\"&#8220;Nuestro equipo. Entrevista a Luz Bernal&#8221; &#8212; Gabitel\" data-secret=\"1uWE5DxlF5\" frameborder=\"0\" marginwidth=\"0\" marginheight=\"0\" scrolling=\"no\" class=\"wp-embedded-content\"><\/iframe><script>\n\/*! This file is auto-generated *\/\n!function(d,l){\"use strict\";l.querySelector&&d.addEventListener&&\"undefined\"!=typeof URL&&(d.wp=d.wp||{},d.wp.receiveEmbedMessage||(d.wp.receiveEmbedMessage=function(e){var t=e.data;if((t||t.secret||t.message||t.value)&&!\/[^a-zA-Z0-9]\/.test(t.secret)){for(var s,r,n,a=l.querySelectorAll('iframe[data-secret=\"'+t.secret+'\"]'),o=l.querySelectorAll('blockquote[data-secret=\"'+t.secret+'\"]'),c=new RegExp(\"^https?:$\",\"i\"),i=0;i<o.length;i++)o[i].style.display=\"none\";for(i=0;i<a.length;i++)s=a[i],e.source===s.contentWindow&&(s.removeAttribute(\"style\"),\"height\"===t.message?(1e3<(r=parseInt(t.value,10))?r=1e3:~~r<200&&(r=200),s.height=r):\"link\"===t.message&&(r=new URL(s.getAttribute(\"src\")),n=new URL(t.value),c.test(n.protocol))&&n.host===r.host&&l.activeElement===s&&(d.top.location.href=t.value))}},d.addEventListener(\"message\",d.wp.receiveEmbedMessage,!1),l.addEventListener(\"DOMContentLoaded\",function(){for(var e,t,s=l.querySelectorAll(\"iframe.wp-embedded-content\"),r=0;r<s.length;r++)(t=(e=s[r]).getAttribute(\"data-secret\"))||(t=Math.random().toString(36).substring(2,12),e.src+=\"#?secret=\"+t,e.setAttribute(\"data-secret\",t)),e.contentWindow.postMessage({message:\"ready\",secret:t},\"*\")},!1)))}(window,document);\n\/\/# sourceURL=https:\/\/gabitel.net\/wp-includes\/js\/wp-embed.min.js\n<\/script>\n","thumbnail_url":"https:\/\/gabitel.net\/wp-content\/uploads\/2020\/12\/Luz-scaled-1-768x564.jpg","thumbnail_width":600,"thumbnail_height":441,"description":"\u00a0\u00bfCu\u00e1nto tiempo llevas trabajando en Gabitel? \u00bfEn qu\u00e9 consiste tu trabajo? Llevo trabajando en Gabitel desde agosto de 2019, momento en que gan\u00f3 el contrato con Red El\u00e9ctrica de Espa\u00f1a. B\u00e1sicamente consiste en la realizaci\u00f3n de proyectos de Telecomunicaciones para las subestaciones el\u00e9ctricas. Dise\u00f1amos la parte de Telecomunicaciones necesaria para el correcto funcionamiento de las [&hellip;]"}

¿Cuánto tiempo llevas trabajando en Gabitel? ¿En qué consiste tu trabajo? Llevo trabajando en Gabitel desde agosto de 2019, momento en que ganó el contrato con Red Eléctrica de España. Básicamente consiste en la realización de proyectos de Telecomunicaciones para las subestaciones eléctricas. Diseñamos la parte de Telecomunicaciones necesaria para el correcto funcionamiento de las [&hellip;]
